445 (base 6) to base 2.
-1100110101
Convert 1145453 (base 6) to base 5.
3421443
-3a3 (base 14) to base 2
-1011011011
What is -162a (base 11) in base 4?
-200221
What is 1112112012 (base 3) in base 6?
352052
What is 120315 (base 6) in base 9?
15342
-6227 (base 10) to base 13
-2ab0
What is -255 (base 9) in base 6?
-552
What is 10111110000011 (base 2) in base 4?
2332003
-2134 (base 7) to base 12
-534
-331 (base 5) to base 2
-1011011
Convert cc (base 16) to base 9.
246
What is 102 (base 6) in base 16?
26
What is -228 (base 11) in base 15?
-132
-47c (base 14) to base 8
-1576
What is 242100 (base 5) in base 9?
13337
Convert 30440 (base 5) to base 3.
2201220
Convert 708b (base 13) to base 14.
590a
Convert -c720 (base 14) to base 3.
-1202002102
Convert 10750 (base 8) to base 5.
121314
What is 43453 (base 7) in base 12?
6357
Convert 957 (base 10) to base 16.
3bd
-212443 (base 6) to base 14
-6507
Convert -263 (base 7) to base 14.
-a3
3400 (base 6) to base 8
1430
What is -12002 (base 4) in base 10?
-386
Convert -661 (base 14) to base 11.
-a47
141606 (base 7) to base 12
137a6
-8afd (base 16) to base 9
-53724
Convert 112102022 (base 3) to base 5.
314021
-924 (base 10) to base 7
-2460
Convert -1134 (base 5) to base 3.
-20021
Convert -342 (base 8) to base 2.
-11100010
What is 5630 (base 10) in base 2?
1010111111110
Convert 3b8 (base 13) to base 15.
2dd
What is 1011100020 (base 3) in base 8?
54500
Convert -612 (base 7) to base 4.
-10233
23983 (base 10) to base 5
1231413
Convert 70 (base 11) to base 4.
1031
What is -7807 (base 13) in base 10?
-16738
48487 (base 9) to base 5
2014404
-17a (base 14) to base 4
-10300
-25a0 (base 12) to base 10
-4296
-2321303 (base 4) to base 7
-46445
-b20 (base 15) to base 11
-1978
What is -100010001000010 (base 2) in base 12?
-a142
Convert 296 (base 10) to base 14.
172
Convert -53 (base 14) to base 6.
-201
Convert -a650 (base 13) to base 6.
-254413
-2865 (base 10) to base 3
-10221010
Convert -22dd (base 14) to base 9.
-8300
-6303 (base 7) to base 3
-10000210
Convert 213 (base 8) to base 6.
351
-10010010101111 (base 2) to base 13
-4375
12303212 (base 4) to base 16
6ce6
Convert -2 (base 13) to base 2.
-10
Convert 21100210 (base 4) to base 5.
2203144
Convert -12031 (base 8) to base 9.
-7046
-9876 (base 10) to base 6
-113420
2062 (base 7) to base 8
1332
-44620 (base 7) to base 9
-16427
What is 21353 (base 7) in base 9?
7272
Convert -101101100 (base 2) to base 16.
-16c
-1415 (base 6) to base 11
-308
Convert 201212002 (base 3) to base 14.
53bc
-66185 (base 9) to base 7
-241661
1045 (base 6) to base 3
100002
What is 4566 (base 16) in base 13?
8118
125 (base 8) to base 5
320
What is 5a5a (base 11) in base 13?
37c0
-230012 (base 4) to base 8
-5406
Convert -110110022 (base 3) to base 5.
-242310
30212 (base 5) to base 7
5430
What is -4b75 (base 13) in base 9?
-15656
Convert -a45 (base 12) to base 6.
-10525
What is 10267 (base 11) in base 2?
11101001101100
-a091 (base 11) to base 2
-11010001100010
Convert -52 (base 7) to base 15.
-27
114000 (base 5) to base 16
109a
-c74 (base 13) to base 8
-4113
22423 (base 5) to base 3
2012202
What is -1162 (base 14) in base 12?
-1902
What is 451 (base 15) in base 5?
12401
Convert 111100101 (base 2) to base 6.
2125
211012 (base 3) to base 7
1514
300542 (base 6) to base 15
6e8e
Convert -3132 (base 7) to base 10.
-1101
bac3 (base 13) to base 9
38616
7079 (base 12) to base 7
50352
Convert b92 (base 16) to base 6.
21414
624 (base 7) to base 14
184
222112 (base 4) to base 11
2044
What is 566 (base 10) in base 15?
27b
-1011011011 (base 2) to base 9
-1002
What is -17c1 (base 16) in base 7?
-23505
Convert -4453 (base 6) to base 11.
-867
-1810d (base 14) to base 5
-3414302
What is -522 (base 7) in base 4?
-10011
What is -1122 (base 12) in base 9?
-2538
Convert -85 (base 13) to base 12.
-91
Convert 13430 (base 11) to base 2.
100101011001111
Convert -cd2 (base 16) to base 15.
-e8c
Convert -55 (base 16) to base 15.
-5a
Convert -215624 (base 7) to base 8.
-112232
Convert -6c9 (base 14) to base 4.
-111021
-10847 (base 9) to base 11
-54a3
200012 (base 3) to base 9
605
What is -13221330 (base 4) in base 14?
-b5da
Convert -6282 (base 12) to base 7.
-43232
234041 (base 5) to base 3
102212020
3320 (base 7) to base 4
102212
-289 (base 11) to base 12
-243
-118c5 (base 14) to base 8
-123625
What is 4c91 (base 16) in base 2?
100110010010001
Convert 312 (base 8) to base 4.
3022
434 (base 11) to base 4
20021
1101340 (base 5) to base 12
ab8a
-61546 (base 8) to base 3
-1021220110
What is 211212 (base 3) in base 7?
1541
What is -5bc (base 14) in base 16?
-47a
What is 1144104 (base 6) in base 4?
32301220
What is -561 (base 9) in base 14?
-24c
What is 1a9 (base 11) in base 4?
3300
-101100010010 (base 2) to base 3
-10212222
-10011100000001 (base 2) to base 3
-111200211
What is -5a93 (base 12) in base 2?
-10011111001111
What is 25062 (base 7) in base 10?
6561
What is 10001101011111 (base 2) in base 10?
9055
Convert -114055 (base 6) to base 16.
-26f3
-1845 (base 12) to base 6
-21325
Convert -1515c (base 13) to base 14.
-10704
What is -5900 (base 10) in base 3?
-22002112
What is 11022110 (base 3) in base 13?
157b
2e0 (base 16) to base 8
1340
What is 1020220102 (base 3) in base 4?
12002030
What is 1051 (base 7) in base 12?
277
Convert -11555 (base 6) to base 11.
-1330
Convert 655 (base 14) to base 9.
1640
Convert -2443 (base 7) to base 3.
-1020211
What is -351 (base 12) in base 8?
-755
Convert 42a (base 11) to base 8.
1004
Convert -31054 (base 6) to base 7.
-15031
Convert -3b (base 16) to base 5.
-214
Convert -424e (base 16) to base 11.
-11831
1212201011 (base 3) to base 12
19487
-11f (base 16) to base 8
-437
What is 20022 (base 5) in base 9?
1652
11000210 (base 3) to base 13
144c
646 (base 7) to base 15
16d
-33315 (base 8) to base 4
-3123031
What is 2012100012 (base 3) in base 11?
2a557
Convert -4817 (base 13) to base 9.
-14838
-3d6 (base 14) to base 11
-646
20213 (base 4) to base 9
672
-120010 (base 3) to base 14
-212
Convert 2a91 (base 16) to base 4.
2222101
Convert -4020 (base 5) to base 3.
-200220
Convert -1188 (base 16) to base 4.
-1012020
What is -6223 (base 11) in base 16?
-203d
-a76 (base 12) to base 6
-11030
What is -5557 (base 16) in base 6?
-245051
Convert d9b6 (base 14) to base 10.
37596
What is 33a8 (base 16) in base 7?
53361
a9a (base 16) to base 9
3645
What is -3814 (base 16) in base 6?
-150244
Convert -5dc (base 15) to base 9.
-1740
Convert 31645 (base 7) to base 12.
4681
Convert 0 (base 6) to base 8.
0
Convert 3493 (base 14) to base 15.
2a9a
What is -2100 (base 3) in base 11?
-58
What is -744 (base 9) in base 16?
-25f
What is -212021 (base 3) in base 13?
-394
-4b18 (base 13) to base 12
-6210
105c (base 13) to base 11
1788
What is -194 (base 10) in base 14?
-dc
What is -22766 (base 9) in base 5?
-441312
What is 123521 (base 8) in base 14?
11877
-20222000 (base 3) to base 13
-2406
Convert 3662 (base 7) to base 2.
10101010111
Convert 2d8 (base 16) to base 6.
3212
Convert 4101 (base 10) to base 9.
5556
Convert -22240 (base 5) to base 9.
-2134
Convert 135123 (base 6) to base 4.
3013323
Convert 666 (base 16) to base 6.
11330
Convert 4050 (base 7) to base 9.
1833
1110 (base 6) to base 12
196
Convert -565 (base 11) to base 10.
-676
Convert -25 (base 14) to base 5.
-113
301 (base 14) to base 4
21031
-2551 (base 14) to base 9
-8865
Convert -271 (base 15) to base 14.
-2ba
What is 4d33 (base 15) in base 14?
6009
What is 2503 (base 8) in base 7?
3633
What is -40c (base 15) in base 4?
-32100
-16302 (base 9) to base 8
-25654
2737 (base 8) to base 6
10543
What is 16b (base 12) in base 16?
e3
Convert 6764 (base 9) to base 2.
1001110000111
-ad7 (base 16) to base 10
-2775
What is -193c (base 15) in base 6?
-41133
72e (base 16) to base 9
2462
Convert 10032 (base 4) to base 9.
330
Convert 955 (base 14) to base 4.
130233
What is -20102212 (base 3) in base 2?
-1001001010110
What is 813 (base 9) in base 2?
1010010100
1178 (base 15) to base 8
7201
-32213 (base 4) to base 16
-3a7
Convert -1050 (base 7) to base 4.
-11322
Convert -2044132 (base 5) to base 2.
-1000010111110100
Convert 4a70 (base 14) to base 6.
140202
Convert -4204 (base 8) to base 6.
-14032
What is -75075 (base 9) in base 5?
-3042030
-211211 (base 3) to base 11
-510
10fd (base 16) 